5*k(d) + 2*q(d). Determine s(o).
-8
Let w(a) = 11*a**2 - 3*a - 13. Let x(u) = -5*u**2 + u + 6. Let h(q) = -5*q**2 - 2*q + 1. Let b be h(1). Let s(r) = b*w(r) - 13*x(r). Give s(4).
4
Let r = -11 + 20. Let x = r + -5. Suppose -3*k - 4*q = 20, -x*k - 2*q + q = 5. Let l(a) = a**3 - a + 3. Calculate l(k).
3
Let q(v) = -3 + 3*v - v**2 + 1 + 0*v**2. Let i(t) = 3 - 4 - t + 3*t + t**2. Let p be i(-3). Determine q(p).
0
Let f(m) = -m - 1. Let w(q) = -14*q - 7. Let b(l) = -6*f(l) + w(l). Give b(-2).
15
Let z be 5/3 + (-33)/22. Let w(a) be the second derivative of -1/2*a**2 + 0 + z*a**3 - a. What is w(5)?
4
Let c(b) = -2*b**2 - 29*b - 10. Let l be c(-14). Let q(w) be the second derivative of 0*w**3 - 3*w**2 + 0 + 1/12*w**l + w. Determine q(0).
-6
Let b(r) = 2 - 4 + 3 + 4*r + 6*r. What is b(-1)?
-9
Let l(s) be the second derivative of -s**3/6 + 5*s**2/2 + 7*s. Let q(g) = -2*g + 3. Let a be q(4). Calculate l(a).
10
Suppose 4*a - 5*a = -2. Suppose w + 1 = a. Let n(o) = -2*o**2 - 1. Determine n(w).
-3
Let f be 18/63 + (-1 - (-88)/(-14)). Let t(j) = j + 2. Give t(f).
-5
Let f(v) = -2*v + 2. Let g be f(4). Let x(s) be the first derivative of s**4/4 + 7*s**3/3 + 5*s**2/2 + 3*s + 24. Determine x(g).
9
Let f(t) = 10 - 3*t + 0*t + t**2 - 7. What is f(4)?
7
Let c(x) = 0*x**2 + x + 6 - 3*x**3 - 2*x**2 - x**2. Let g(l) = -3*l**2 + 5 + l - 12*l**3 + 10*l**3 + 0*l. Let r(u) = 3*c(u) - 4*g(u). Determine r(3).
-5
Suppose -g = 4*n - 3*g - 8, 0 = 4*n + g - 2. Let l(x) = -3*x**3 - 2*x**3 + 6*x + n + x**2 + 6*x**3 - 7*x**2. Give l(5).
6
Suppose -7*v + 12 = -5*v. Let u(x) = -x**2 + 6*x. Give u(v).
0
Let d(v) = -5*v**3 + v**2 - v - 4. Let r(b) = 14*b**3 - 2*b**2 + 3*b + 11. Let j(y) = -8*d(y) - 3*r(y). Determine j(-2).
9
Let v(r) be the first derivative of -r**5/60 + r**4/6 + 2*r**3/3 + r**2/2 + 1. Let l(o) be the second derivative of v(o). Let w be 0 + 1 - (-4)/2. What is l(w)?
7
Let f(o) = o**2 - 1. Let y(h) = 7*h**2 - 7*h - 16. Let a(d) = 6*f(d) - y(d). Determine a(8).
2
Let z(p) = -p**3 - 4*p**2 - p. Let j be z(-4). Let x(i) = i**2 - 7*i + 2. What is x(j)?
-10
Let u(z) be the second derivative of z**5/20 - 5*z**4/12 + z**3/2 - 3*z**2/2 + z. Suppose -24 = -3*c - 3*c. Calculate u(c).
-7
Let n = -36 - -39. Let p(i) = i**3 - 4*i**2 - i. Calculate p(n).
-12
Let l(i) = -i**3 + 6*i**2 + 4. Let d(g) be the third derivative of g**4/24 - 3*g**3/2 + 2*g**2. Let f be d(15). Determine l(f).
4
Let h = -15 - -7. Let i(r) = -r**2 - 6*r + 9. Determine i(h).
-7
Let k(h) = -h + 1. Let j be k(-1). Let d = j - 0. Let q(y) = y**2 - y + 0*y + 3 - 2*y**d. Give q(0).
3
Let t(a) be the second derivative of a**7/2520 - a**6/144 - a**5/120 - a**4/6 - 3*a. Let v(y) be the third derivative of t(y). What is v(5)?
-1
Let u(o) = o**3 + 2*o + 1. Let s(r) = -r**2 + 6*r - 2. Let f be s(6). What is u(f)?
-11
Let h(x) be the second derivative of x**4/12 + 4*x**3/3 - 2*x**2 - 29*x. Determine h(-6).
-16
Let g(m) be the first derivative of m**3/3 + 3*m**2 + 4*m + 5. Give g(-5).
-1
Let r(g) = g - 2. Let b(k) = -5*k**3 + 5*k**2 - k + 1. Let h(u) = u**3 - u - 1. Let z(a) = b(a) + 6*h(a). Let q be z(-6). What is r(q)?
-1
Let v = -2 - -5. Let b be 1 + 1/v*3. Let u(n) = -n**b + 2*n + 2*n + 2 - 3. Give u(2).
3
Suppose 2*a = 8 + 4. Let l(h) = -4*h + a*h - h. Let i be 0 + 4*1 + -2. What is l(i)?
2
Let r(d) = 11*d**3 - d**2 - d. Let a = -105 + 104. What is r(a)?
-11
Let a(q) = -q**3 + 3*q**2 + 3*q + 5. Let l(y) = y**2 + 12. Let t be l(0). Suppose -m = -4*m + t. Give a(m).
1
Let d(j) = j**3 - 3 + 14*j + 0 - 14*j - 2*j**2. Give d(3).
6
Let s(b) = -13*b**3 - 15*b**2 + 4*b - 11. Let v(n) = 3*n**3 + 4*n**2 - n + 3. Let f(p) = 2*s(p) + 9*v(p). What is f(-6)?
11
Suppose -4*y + 2*y + 8 = -c, 20 = 4*y. Suppose 7*p - c*p = 25. Let s(r) = r**2 - 6*r - 2. Calculate s(p).
-7
Let f(t) = t**2 + 5*t - 3. Suppose 1 + 9 = -2*d. Let v(j) = 2*j + 6. Let x be v(d). What is f(x)?
-7
Let r(i) = 0*i + 3*i**2 - 4*i**2 - 4 + 0*i - 4*i. Give r(-3).
-1
Let j(f) = -f - 2. Let h be 4/(-4 - (-1 - 2)). Give j(h).
2
Let q(u) = -u**2 - 3*u - 2. Suppose -2*o - n = -7*o + 63, 5*o = -2*n + 54. Let s = o - 15. What is q(s)?
-2
Let p(z) = -2*z. Let h be p(-1). Let y(s) = 739*s - 736*s + 3 - 6. Determine y(h).
3
Let w(x) = x**2 - 5*x + 3. Let f = 0 + 4. Let n be w(f). Let u(q) = -30 + 30 + 5*q**2 - q. Give u(n).
6
Suppose -24*s + 3*s = -168. Let x(z) = z**3 - 7*z**2 - 10*z + 4. Give x(s).
-12
Let c(b) be the second derivative of 3*b + 0*b**2 + 1/6*b**3 + 0. Determine c(-6).
-6
Suppose 4*r = 3*j + 20, 3*r + 0*j = -j + 15. Let w(f) = 0 + 5 - f + 0*f. Determine w(r).
0
Let o(m) = 2*m**2. Let w(d) = -d**3 - 10*d**2 - 10*d - 10. Let k = -14 - -5. Let n be w(k). Determine o(n).
2
Suppose 3*o = -0*o - 3*t + 33, 0 = -3*o - t + 25. Let n = 11 - o. Let q(k) = -2*k - 2 + 4 - 4. What is q(n)?
-10
Let c(i) = -i**3 + 7*i**2 - 7*i + 2. Let q be 45/18*(-24)/(-10). Determine c(q).
-4
Let n be ((-9)/(-5) - 1)*-5. Let t(y) = -3*y - 7 + 12 - 2. Give t(n).
15
Let z(k) be the second derivative of k**4/12 - k**3 - 7*k**2/2 - 11*k + 2. Determine z(5).
-12
Let l(t) be the first derivative of -t**2 + t + 3. Let q be l(-2). Let g(v) = -v. What is g(q)?
-5
Let m = 7 + -7. Suppose m = -3*l - 3*a + 4 + 2, 0 = 2*l + 4*a - 6. Let i(q) = 6*q**3 - q + 1. What is i(l)?
6
Let k(a) = a - 2. Let p(x) = -2*x - 2. Let s(y) = -k(y) - p(y). Calculate s(-3).
1
Let k(p) = -2*p - 6. Let c(a) = 3*a. Let g be c(1). Suppose -5*m = -3*y - 4, 4*y + 4 - 16 = -2*m. Suppose -m*r = -g*r - 4. Calculate k(r).
2
Let k(i) = -2*i - 4. Let q be (-10)/4*88/(-10). Suppose -7*j = -3*j - 2*m + 26, -5*j = m + q. Give k(j).
6
Let p(v) be the second derivative of 13*v**5/20 - v**2/2 + v. What is p(1)?
12
Suppose 2*j - 1 = -x, 2*j - 3*j = -2. Let k(s) = 2*s**3 + 4*s**2 - 2*s - 2. Determine k(x).
-14
Let x(d) = d + 7. Let p be x(-3). Let l(c) = c**2 - 6*c + 1. Give l(p).
-7
Suppose -8 = w - 14. Let a(r) = -3*r + 9. Give a(w).
-9
Let r(v) be the third derivative of 0 + 0*v - 3*v**2 + 0*v**3 + 1/10*v**5 + 0*v**4. Determine r(-1).
6
Let h(l) = -l**2. Let j be h(-5). Let p = j + 19. Let d(i) be the first derivative of -i**3/3 - 4*i**2 - 8*i + 1. Calculate d(p).
4
Let y(b) = -b - 7. Suppose 2*l - l - 24 = -5*c, -4*l = 4. Let u = 0 - c. Give y(u).
-2
Let u(x) be the third derivative of -x**4/12 - 5*x**3/6 + 7*x**2. Calculate u(-5).
5
Suppose -5*s + 112 = -2*l, 0*s - 5*s = -5*l - 115. Suppose -2*r - 2*r - 5*m + 9 = 0, -3*r + 2*m = s. Let k(w) = w**2 + 4*w + 1. Determine k(r).
1
Let x(c) = -4*c**3 - 1 + 2*c - 2*c**2 - 3 + 3*c**3. Let g(t) be the third derivative of t**4/24 - 7*t**3/6 + 2*t**2. Let o be g(4). Give x(o).
-1
Let a(v) be the second derivative of -v**4/6 + v**3/3 - v**2/2 - 27*v. Suppose -5 = -5*i + 5*y, 1 = 5*i - 3*y - 4. Determine a(i).
-1
Let y(v) be the first derivative of v**2 + 3*v - 1. Let t be y(-3). Let f(h) = -3*h**2 + 0*h - 2*h**2 + 3 - h**3 - 3*h. Give f(t).
-6
Let z(a) = -10*a**2 + 3*a. Let n(r) = 0*r**2 + 10*r**2 - r**2 + r - 3*r. Let i(j) = 4*n(j) + 3*z(j). Give i(1).
7
Let b(s) = s**3 + s**2 - 4*s - 6. Let d(z) = -2 - 3 - z - z**2 + 4. Let m(n) = b(n) - 3*d(n). What is m(-4)?
1
Let s(c) = -2*c**2 - 4*c + 1. Let x(j) = j**3 + 4*j**2 - 4*j + 2. Let o be x(-5). Determine s(o).
-5
Let q be (20/(-2))/(2*-1). Let m be (-2)/(-4)*20/(-1). Let z = m + q. Let n(g) = -g**2 - 4*g + 3. What is n(z)?
-2
Let i(y) = -4 - y + 5 - 1 - 2*y**2. Let x be (4/(-6))/((-1)/(-3)). Give i(x).
-6
Let g(a) = 1 + a**3 + 0 - a**2 - 4 + 2*a - 4*a**2. Give g(4).
-11
Let u(i) = -i**3 + 7*i**2 - 2*i + 1. Let p(x) = x**3 + x**2 + x + 1. Let o(s) = 2*p(s) + u(s). Give o(-9).
3
Suppose 3*s - 18 + 6 = 0. Suppose s*u - x = 4*x + 3, 1 = u - x. Let z(n) be the first derivative of 3*n**2/2 - 2*n + 1. Give z(u).
4
Let s(g) = -g**2 + 6*g - 7. Suppose 15 = q - 4*t, q = 2*t - 4*t + 3. Suppose 5*n + 3*y - 27 = y, -4*n = y - 21. Suppose -n*o = -18 - q. Calculate s(o).
-2
Let h(u) = u - 10. Let t be h(14). Let r(k) = k**2 - k + 4. Let z be r(0). Let c(y) = 3*y**2 - t*y**2 + y + z*y - 1. What is c(2)?
5
Suppose -4*w = w - 15. Let c(p) = -4*p + 0 + w*p + 1 - 5. What is c(0)?
-4
Let m(a) = -a + 6. Suppose 2*s = -o + 13, 3*s - 4*s = 4*o - 10. Calculate m(s).
0
Let h(y) = -y**3 + 3*y**2 + 3*y + 1. Let c be (-6 - -9) + 0 + -1. Suppose c*a + q - 27 = 0, 4*q + 24